 = -16 - 12. Let q = c + b. Calculate the remainder when 76 is divided by q.
12
Let k(r) = 6*r**2 - 43*r - 158. What is the remainder when k(-5) is divided by 76?
55
Calculate the remainder when 1 - 5 - 39*(-44 + -9) is divided by 24.
23
What is the remainder when 202 is divided by ((-18)/180 + 27/(-30))*-37?
17
Suppose 2*k - 42 = -20. Calculate the remainder when 75/2*68/51 is divided by k.
6
Let k(d) = d**3 - 21*d**2 + 39*d - 1. Let w be k(19). Suppose -2*x + 18 = g, -2*g + 4*x + 14 - w = 0. What is the remainder when 215 is divided by g?
7
Let i = 295 - 178. Suppose 6*u + 4548 = -4*u + 4918. Calculate the remainder when i is divided by u.
6
Let w(r) = r**3 - 8*r**2 + r - 3. Let a = 91 - 60. Suppose -32*n + 17 = -a*n. Calculate the remainder when n is divided by w(8).
2
Suppose 17*l - 16348 = -48*l + 4*l. What is the remainder when l is divided by 42?
16
Let t be 5/(1 - -4) - -4. Suppose -t*i = -6*i - 2, -207 = -3*a - 3*i. What is the remainder when a is divided by 27?
17
Let s(l) = -l + 63. Suppose -6*g - 13 = -55. What is the remainder when 389 is divided by s(g)?
53
Let x(i) = 3*i**2 + 50*i + 2. Let y be x(-28). Suppose -y = -3*p - 15*p. What is the remainder when p is divided by 9?
8
Suppose 4 = 2*n + h - 5, 3*n - 15 = -h. Suppose -b = 1 + 45. Let q = -43 - b. What is the remainder when n is divided by q?
0
Suppose -5*s + 175 + 85 = 0. Suppose -92*h + s = -88*h. Calculate the remainder when 129 is divided by h.
12
Suppose 0 = 6*i + 4*i - 40. Suppose c - 42 = -r - 4*c, 3*c = -i*r + 151. Calculate the remainder when r is divided by 20.
17
Let p be (-6 + -60)*1/2. Let n = p - -36. Suppose 3*t = -12, y - 5*t = n*y - 16. What is the remainder when 87 is divided by y?
15
Let w(c) = c**3 - 21*c**2 + 24*c - 23. Let p = -165 - -185. What is the remainder when w(p) is divided by 18?
3
Suppose -98*b = -105*b + 10941. Calculate the remainder when b is divided by 767.
29
Suppose 4*l - 2*l = 16. Suppose -38*s = -12*s - 26. What is the remainder when 48/36*s*177/4 is divided by l?
3
Let w = 30 + -18. Let o = -23 + 105. Suppose 25 + o = 4*h + 3*z, -5*z + 48 = h. Calculate the remainder when h is divided by w.
11
Let j = 35 + -21. Let h = 132358 + -132341. Calculate the remainder when h is divided by j.
3
Let m = 129 - 150. Let f(r) = -5*r - 3. What is the remainder when 452/14 - (-6)/m is divided by f(-4)?
15
Suppose 5*g - 150 = 5*f + 840, -4*g + 744 = 4*f. Calculate the remainder when g is divided by 74.
44
Let m = -5240 - -5493. Calculate the remainder when m is divided by 20.
13
Suppose 150*m - 191023 = -53*m. What is the remainder when m is divided by 31?
11
Suppose 0 = -2*y + 5*x - 1733, -6*y + x = -3*y + 2619. Let g = -467 - y. What is the remainder when g is divided by 10?
7
Let o = -13 + 38. Suppose 0 = v + 2*v + 2*l - 923, -3*v + 2*l + 907 = 0. Suppose 302*s - v*s + 213 = 0. What is the remainder when s is divided by o?
21
Let f(j) = -7*j**2 + 20 + 2*j + 14*j**2 - 2*j. Let w be f(-5). Suppose 2*y = -3*d + w, 0*y = 5*y + 2*d - 471. What is the remainder when y is divided by 12?
9
Suppose 88 = -4*t - 0*t. Let d(n) = -n**3 - 21*n**2 + 18*n + 41. What is the remainder when d(t) is divided by 22?
19
Let h be ((-8)/6)/(204/(-765)). Suppose -2*s + 608 = 3*z, h*s - 4*z - 1256 = s. What is the remainder when s is divided by 52?
50
Suppose 5*q - 2*i = 197, -2*q + 7*i = 9*i - 90. Suppose 37*t + q = 38*t. What is the remainder when 157 is divided by t?
34
Let a(g) = 2*g**2 - 7*g + 1. Suppose 2*d = -6*d - 48. Let r be (10/6)/((-2)/d). What is the remainder when 93 is divided by a(r)?
13
Let s = 10507 + -9468. What is the remainder when s is divided by 116?
111
Let l be (3607/(-3))/(279/(-135) + 2). Suppose 38*r - l = -23. What is the remainder when r is divided by 34?
32
Let f(m) = -21*m - 71. Let c(y) = -y**2 - 19*y - 94. Let b be c(-9). What is the remainder when 47 is divided by f(b)?
8
Suppose 5447 = -x + 6270. Calculate the remainder when x is divided by 273.
4
What is the remainder when 141 is divided by (-1)/((-3)/24 + (-142)/(-1264))?
62
Let u(z) = 29*z + 27. Let t be u(-7). Let d = -160 - t. What is the remainder when d is divided by 4?
0
Suppose -2*i = 5*x - 3, -4*x + i + 1 + 4 = 0. Let r be 3 - -1 - -8 - (x - -1). Let v(y) = 2*y - 2. What is the remainder when 53 is divided by v(r)?
17
Suppose 0 = t + 7, 4*t - 1676 + 32 = -4*g. Calculate the remainder when 1676 is divided by g.
4
Let n = -1968 + 2018. What is the remainder when n is divided by 13?
11
Let t = -13 + 217. Let c(w) = -20*w + 4. Let b be c(-5). Suppose -b = -2*i - 0*i. Calculate the remainder when t is divided by i.
48
Suppose -3*x - 392 = 55. Let j = x + 205. What is the remainder when j is divided by 10?
6
Let b(c) = 290*c**2 + 3*c - 4. Let i be b(2). Suppose 7*s - 595 = i. Calculate the remainder when s is divided by 12.
11
Calculate the remainder when (6210/(-207))/((-10)/18) is divided by 11.
10
Let y = 4776 - 2711. What is the remainder when y is divided by 94?
91
Let s be (21630/(-12))/(9/(-6) + 1). Let k = -65 + s. Calculate the remainder when k/75 - (2 + (-9)/5) is divided by 12.
11
Let i(g) be the second derivative of -3*g**5/20 - g**4/6 - 4*g**3/3 + 7*g**2 + g - 3. What is the remainder when i(-4) is divided by 19?
16
Let k = -57 - -154. Let r(a) = -3*a + 4. Let m(c) = c**2 + 7*c - 10. Let x(v) = 3*m(v) + 7*r(v). Calculate the remainder when k is divided by x(-3).
22
Calculate the remainder when 3229 is divided by -19*(117/13 - 10).
18
Suppose 4 = -y, 0 = -n - 5*y - 15. Suppose -2*i + 4*i + 2*k - 18 = 0, 21 = i - n*k. Let z = -4700 + 4720. What is the remainder when z is divided by i?
9
Let m be ((-8)/20)/((-2)/50). Let r(k) be the first derivative of -3*k**2/2 + 34*k - 190. What is the remainder when 11 is divided by r(m)?
3
Let l(w) = -153*w + 3. Let m be l(6). Let a = 944 + m. What is the remainder when a is divided by 14?
1
Suppose -3918 = -17*b + 2695. Let x = -310 + b. Calculate the remainder when x is divided by 27.
25
Let o = -7 + 137. Let g = o + -85. Let j(w) = 4*w. Calculate the remainder when g is divided by j(3).
9
Let x(a) = a**2 + 10*a + 6. Let d be x(-6). Let u be (2 - d)*-5*5/(-4). Suppose -13*m = -18*m + u. What is the remainder when 99 is divided by m?
24
Let z = 39 + -35. Let m(j) = -j**2 - 14*j - 4. Calculate the remainder when 1/z + (-5)/(40/(-294)) is divided by m(-12).
17
Suppose 2*d + 2*d = 5*p - 218, -d + 124 = 3*p. Suppose 344*s + p = 346*s. What is the remainder when 56 is divided by s?
14
Suppose w - 84 = 136. What is the remainder when w is divided by 1/(-18) - 6815/(-522)?
12
Suppose -18*n + 4215 = 3279. Suppose -5*f - 650 = -5*d, -3*f + 134 - 392 = -2*d. Calculate the remainder when d is divided by n.
28
Suppose 42089 = -10*f + 66219. Calculate the remainder when f is divided by 267.
10
Let y(l) = -l**2 - 11*l + 676. What is the remainder when 29 is divided by y(21)?
1
Let j(g) = 2*g**3 + 11*g**2 + 6*g + 3. Suppose 11 - 67 = 14*k. Calculate the remainder when 37 is divided by j(k).
10
Let g = 0 - 6. Let t(r) = r**2 + 4*r - 9. Let c be t(g). Let q = c - -18. What is the remainder when 62 is divided by q?
20
Suppose -224 = -2*z - 5*x, 5*x - 72 = 5*z - 597. What is the remainder when z is divided by 26?
3
Let y(c) be the second derivative of c**5/20 - 13*c**4/12 + 22*c**3/3 - 4*c - 31. Calculate the remainder when 705 is divided by y(6).
9
Suppose 0 = 31*r - 30*r, 5*t - 3*r - 1050 = 0. What is the remainder when t is divided by 37?
25
Let d(n) = -3*n**2 + 43*n - 131. What is the remainder when 104 is divided by d(5)?
5
Let d(w) = -w**3 - 4*w**2 - w - 4. Let v be d(-4). Suppose v = 23*k - 20*k - 36. What is the remainder when 167 is divided by k?
11
Let z be ((-4188)/(-24))/(2/(-4)). Let a = z - -143. Let g = -95 - a. Calculate the remainder when g is divided by 28.
27
What is the remainder when 1273 + (-2 + 0)*-3*3/6 is divided by 16?
12
Suppose -19026 - 101011 - 62663 = -60*c. What is the remainder when c is divided by 4?
1
Let j(v) = v**3 - 5*v**2 + 5*v - 1. Let t be j(4). Suppose -2*q + 2*i = -26, 7 - 4 = -t*i. Calculate the remainder when q is divided by 9 + (-3)/(3/2).
5
Suppose 3*y = 3*j + 78, -50*j = -51*j + 3. Calculate the remainder when 90 is divided by y.
3
What is the remainder when 7472 is divided by (-1422)/(-14 + 5) - (0 + -1